{"id":15743,"date":"2025-06-13T10:54:59","date_gmt":"2025-06-13T08:54:59","guid":{"rendered":"https:\/\/visitradgona.si\/?post_type=novica&#038;p=15743"},"modified":"2025-07-04T09:38:48","modified_gmt":"2025-07-04T07:38:48","slug":"delavnica-in-izmenjevalnica-receptov-sladko-brez-sladkorja","status":"publish","type":"novica","link":"https:\/\/visitradgona.si\/en\/novica\/delavnica-in-izmenjevalnica-receptov-sladko-brez-sladkorja\/","title":{"rendered":"Delavnica in izmenjevalnica receptov SLADKO BREZ SLADKORJA"},"excerpt":{"rendered":"<p>Prekomerno u\u017eivanje sladkorja je eden glavnih dejavnikov za nastanek \u0161tevilnih zdravstvenih te\u017eav, kot so debelost, diabetes tipa 2, te\u017eave s prebavo, slab\u0161a imunska odpornost in celo nihanja razpolo\u017eenja. Sodobna prehrana je pogosto polna skritih sladkorjev, zato je znanje o zdravih alternativah \u0161e toliko pomembnej\u0161e. Zato smo se v Mladinskem centru Gornja Radgona (MC), skupaj z vodjo Majo Klenov\u0161ek, Suzano Simen\u010di\u010d in Ninom Irgoli\u010dem odlo\u010dili, da pripravijo ustvarjalno delavnico in izmenjevalnico receptov na temo bolj zdravih sladic, tak\u0161nih brez belega sladkorja in umetnih sladil.<\/p>\n","protected":false},"author":6,"featured_media":0,"menu_order":0,"template":"","meta":{"_acf_changed":false,"_kad_blocks_custom_css":"","_kad_blocks_head_custom_js":"","_kad_blocks_body_custom_js":"","_kad_blocks_footer_custom_js":"","_kadence_starter_templates_imported_post":false,"_kad_post_transparent":"default","_kad_post_title":"default","_kad_post_layout":"default","_kad_post_sidebar_id":"","_kad_post_content_style":"default","_kad_post_vertical_padding":"default","_kad_post_feature":"","_kad_post_feature_position":"","_kad_post_header":false,"_kad_post_footer":false,"_kad_post_classname":""},"avtor":[301],"leto-novice":[148],"mesec-novice":[140],"class_list":["post-15743","novica","type-novica","status-publish","hentry","avtor-zavod-kultprotur","leto-novice-148","mesec-novice-junij"],"acf":[],"aioseo_notices":[],"taxonomy_info":{"avtor":[{"value":301,"label":"Zavod Kultprotur"}],"leto-novice":[{"value":148,"label":"2025"}],"mesec-novice":[{"value":140,"label":"Junij"}]},"featured_image_src_large":false,"author_info":{"display_name":"Mladinski center Gornja Radgona","author_link":"https:\/\/visitradgona.si\/en\/author\/mladinski-center-gornja-radgona\/"},"comment_info":"","_links":{"self":[{"href":"https:\/\/visitradgona.si\/en\/wp-json\/wp\/v2\/novica\/15743","targetHints":{"allow":["GET"]}}],"collection":[{"href":"https:\/\/visitradgona.si\/en\/wp-json\/wp\/v2\/novica"}],"about":[{"href":"https:\/\/visitradgona.si\/en\/wp-json\/wp\/v2\/types\/novica"}],"author":[{"embeddable":true,"href":"https:\/\/visitradgona.si\/en\/wp-json\/wp\/v2\/users\/6"}],"version-history":[{"count":0,"href":"https:\/\/visitradgona.si\/en\/wp-json\/wp\/v2\/novica\/15743\/revisions"}],"wp:attachment":[{"href":"https:\/\/visitradgona.si\/en\/wp-json\/wp\/v2\/media?parent=15743"}],"wp:term":[{"taxonomy":"avtor","embeddable":true,"href":"https:\/\/visitradgona.si\/en\/wp-json\/wp\/v2\/avtor?post=15743"},{"taxonomy":"leto-novice","embeddable":true,"href":"https:\/\/visitradgona.si\/en\/wp-json\/wp\/v2\/leto-novice?post=15743"},{"taxonomy":"mesec-novice","embeddable":true,"href":"https:\/\/visitradgona.si\/en\/wp-json\/wp\/v2\/mesec-novice?post=15743"}],"curies":[{"name":"wp","href":"https:\/\/api.w.org\/{rel}","templated":true}]}}

<p>Prekomerno uživanje sladkorja je eden glavnih dejavnikov za nastanek številnih zdravstvenih težav, kot so debelost, diabetes tipa 2, težave s prebavo, slabša imunska odpornost in celo nihanja razpoloženja. Sodobna prehrana je pogosto polna skritih sladkorjev, zato je znanje o zdravih alternativah še toliko pomembnejše. Zato smo se v Mladinskem centru Gornja Radgona (MC), skupaj z vodjo Majo Klenovšek, Suzano Simenčič in Ninom Irgoličem odločili, da pripravijo ustvarjalno delavnico in izmenjevalnico receptov na temo bolj zdravih sladic, takšnih brez belega sladkorja in umetnih sladil.</p>
